{"id":60893,"date":"2025-06-01T18:39:19","date_gmt":"2025-06-01T11:39:19","guid":{"rendered":"https:\/\/xe.chotot.com\/kinh-nghiem\/?page_id=60893"},"modified":"2025-06-01T18:46:09","modified_gmt":"2025-06-01T11:46:09","slug":"bang-gia-xe-yamaha-exciter","status":"publish","type":"page","link":"https:\/\/xe.chotot.com\/kinh-nghiem\/bang-gia-xe-yamaha-exciter","title":{"rendered":"B\u1ea3ng gi\u00e1 xe Yamaha Exciter c\u1eadp nh\u1eadt m\u1edbi nh\u1ea5t 06\/2025"},"content":{"rendered":"\t\t<div data-elementor-type=\"wp-page\" data-elementor-id=\"60893\" class=\"elementor elementor-60893\">\n\t\t\t\t\t\t<\/div>\n\t\t","protected":false},"excerpt":{"rendered":"<p>B\u1ea3ng gi\u00e1 xe Yamaha Exciter c\u1eadp nh\u1eadt m\u1edbi nh\u1ea5t 06\/2025 M\u1ee5c l\u1ee5c Yamaha Exciter 2025 ti\u1ebfp t\u1ee5c kh\u1eb3ng \u0111\u1ecbnh v\u1ecb th\u1ebf bi\u1ec3u t\u01b0\u1ee3ng trong ph\u00e2n kh\u00fac xe c\u00f4n tay cao c\u1ea5p, n\u1ed5i b\u1eadt v\u1edbi thi\u1ebft k\u1ebf th\u1ec3 thao hi\u1ec7n \u0111\u1ea1i v\u00e0 lo\u1ea1t t\u00ednh n\u0103ng c\u00f4ng ngh\u1ec7 ti\u00ean ti\u1ebfn. \u0110\u00e2y l\u00e0 l\u1ef1a ch\u1ecdn ho\u00e0n h\u1ea3o d\u00e0nh<\/p>\n","protected":false},"author":51,"featured_media":60894,"parent":0,"menu_order":0,"comment_status":"closed","ping_status":"closed","template":"","meta":{"_editorskit_title_hidden":false,"_editorskit_reading_time":0,"_editorskit_is_block_options_detached":false,"_editorskit_block_options_position":"{}","footnotes":""},"categories":[1254],"tags":[],"class_list":{"0":"post-60893","1":"page","2":"type-page","3":"status-publish","4":"has-post-thumbnail","6":"category-tim-hieu-xe-may"},"acf":[],"yoast_head":"<!-- This site is optimized with the Yoast SEO plugin v25.6 - https:\/\/yoast.com\/wordpress\/plugins\/seo\/ -->\n<title>B\u1ea3ng gi\u00e1 xe Yamaha Exciter c\u1eadp nh\u1eadt m\u1edbi nh\u1ea5t 06\/2025<\/title>\n<meta name=\"description\" content=\"Kh\u00e1m ph\u00e1 gi\u00e1 xe Exciter v\u00e0 nh\u1eefng n\u00e2ng c\u1ea5p v\u01b0\u1ee3t tr\u1ed9i v\u1edbi thi\u1ebft k\u1ebf th\u1ec3 thao, c\u00f4ng ngh\u1ec7 hi\u1ec7n \u0111\u1ea1i, l\u1ef1a ch\u1ecdn ho\u00e0n h\u1ea3o cho t\u00edn \u0111\u1ed3 t\u1ed1c \u0111\u1ed9!\" \/>\n<meta name=\"robots\" content=\"index, follow, max-snippet:-1, max-image-preview:large, max-video-preview:-1\" \/>\n<link rel=\"canonical\" href=\"https:\/\/xe.chotot.com\/bang-gia-xe-yamaha-exciter\" \/>\n<meta property=\"og:locale\" content=\"en_US\" \/>\n<meta property=\"og:type\" content=\"article\" \/>\n<meta property=\"og:title\" content=\"B\u1ea3ng gi\u00e1 xe Yamaha Exciter c\u1eadp nh\u1eadt m\u1edbi nh\u1ea5t 06\/2025\" \/>\n<meta property=\"og:description\" content=\"Kh\u00e1m ph\u00e1 gi\u00e1 xe Exciter v\u00e0 nh\u1eefng n\u00e2ng c\u1ea5p v\u01b0\u1ee3t tr\u1ed9i v\u1edbi thi\u1ebft k\u1ebf th\u1ec3 thao, c\u00f4ng ngh\u1ec7 hi\u1ec7n \u0111\u1ea1i, l\u1ef1a ch\u1ecdn ho\u00e0n h\u1ea3o cho t\u00edn \u0111\u1ed3 t\u1ed1c \u0111\u1ed9!\" \/>\n<meta property=\"og:url\" content=\"https:\/\/xe.chotot.com\/bang-gia-xe-yamaha-exciter\" \/>\n<meta property=\"og:site_name\" content=\"Kinh Nghi\u1ec7m Xe\" \/>\n<meta property=\"article:modified_time\" content=\"2025-06-01T11:46:09+00:00\" \/>\n<meta property=\"og:image\" content=\"https:\/\/static.chotot.com\/storage\/chotot-kinhnghiem\/xe\/2025\/01\/307ab153-gia-xe-exciter.png\" \/>\n\t<meta property=\"og:image:width\" content=\"1280\" \/>\n\t<meta property=\"og:image:height\" content=\"720\" \/>\n\t<meta property=\"og:image:type\" content=\"image\/png\" \/>\n<meta name=\"twitter:card\" content=\"summary_large_image\" \/>\n<meta name=\"twitter:label1\" content=\"Est. reading time\" \/>\n\t<meta name=\"twitter:data1\" content=\"13 minutes\" \/>\n<!-- \/ Yoast SEO plugin. -->","yoast_head_json":{"title":"B\u1ea3ng gi\u00e1 xe Yamaha Exciter c\u1eadp nh\u1eadt m\u1edbi nh\u1ea5t 06\/2025","description":"Kh\u00e1m ph\u00e1 gi\u00e1 xe Exciter v\u00e0 nh\u1eefng n\u00e2ng c\u1ea5p v\u01b0\u1ee3t tr\u1ed9i v\u1edbi thi\u1ebft k\u1ebf th\u1ec3 thao, c\u00f4ng ngh\u1ec7 hi\u1ec7n \u0111\u1ea1i, l\u1ef1a ch\u1ecdn ho\u00e0n h\u1ea3o cho t\u00edn \u0111\u1ed3 t\u1ed1c \u0111\u1ed9!","robots":{"index":"index","follow":"follow","max-snippet":"max-snippet:-1","max-image-preview":"max-image-preview:large","max-video-preview":"max-video-preview:-1"},"canonical":"https:\/\/xe.chotot.com\/bang-gia-xe-yamaha-exciter","og_locale":"en_US","og_type":"article","og_title":"B\u1ea3ng gi\u00e1 xe Yamaha Exciter c\u1eadp nh\u1eadt m\u1edbi nh\u1ea5t 06\/2025","og_description":"Kh\u00e1m ph\u00e1 gi\u00e1 xe Exciter v\u00e0 nh\u1eefng n\u00e2ng c\u1ea5p v\u01b0\u1ee3t tr\u1ed9i v\u1edbi thi\u1ebft k\u1ebf th\u1ec3 thao, c\u00f4ng ngh\u1ec7 hi\u1ec7n \u0111\u1ea1i, l\u1ef1a ch\u1ecdn ho\u00e0n h\u1ea3o cho t\u00edn \u0111\u1ed3 t\u1ed1c \u0111\u1ed9!","og_url":"https:\/\/xe.chotot.com\/bang-gia-xe-yamaha-exciter","og_site_name":"Kinh Nghi\u1ec7m Xe","article_modified_time":"2025-06-01T11:46:09+00:00","og_image":[{"width":1280,"height":720,"url":"https:\/\/static.chotot.com\/storage\/chotot-kinhnghiem\/xe\/2025\/01\/307ab153-gia-xe-exciter.png","type":"image\/png"}],"twitter_card":"summary_large_image","twitter_misc":{"Est. reading time":"13 minutes"},"schema":{"@context":"https:\/\/schema.org","@graph":[{"@type":"WebPage","@id":"https:\/\/xe.chotot.com\/kinh-nghiem\/bang-gia-xe-yamaha-exciter","url":"https:\/\/xe.chotot.com\/bang-gia-xe-yamaha-exciter","name":"B\u1ea3ng gi\u00e1 xe Yamaha Exciter c\u1eadp nh\u1eadt m\u1edbi nh\u1ea5t 06\/2025","isPartOf":{"@id":"https:\/\/xe.chotot.com\/kinh-nghiem\/#website"},"primaryImageOfPage":{"@id":"https:\/\/xe.chotot.com\/bang-gia-xe-yamaha-exciter#primaryimage"},"image":{"@id":"https:\/\/xe.chotot.com\/bang-gia-xe-yamaha-exciter#primaryimage"},"thumbnailUrl":"https:\/\/static.chotot.com\/storage\/chotot-kinhnghiem\/xe\/2025\/01\/307ab153-gia-xe-exciter.png","datePublished":"2025-06-01T11:39:19+00:00","dateModified":"2025-06-01T11:46:09+00:00","description":"Kh\u00e1m ph\u00e1 gi\u00e1 xe Exciter v\u00e0 nh\u1eefng n\u00e2ng c\u1ea5p v\u01b0\u1ee3t tr\u1ed9i v\u1edbi thi\u1ebft k\u1ebf th\u1ec3 thao, c\u00f4ng ngh\u1ec7 hi\u1ec7n \u0111\u1ea1i, l\u1ef1a ch\u1ecdn ho\u00e0n h\u1ea3o cho t\u00edn \u0111\u1ed3 t\u1ed1c \u0111\u1ed9!","inLanguage":"en-US","potentialAction":[{"@type":"ReadAction","target":["https:\/\/xe.chotot.com\/bang-gia-xe-yamaha-exciter"]}]},{"@type":"ImageObject","inLanguage":"en-US","@id":"https:\/\/xe.chotot.com\/bang-gia-xe-yamaha-exciter#primaryimage","url":"https:\/\/static.chotot.com\/storage\/chotot-kinhnghiem\/xe\/2025\/01\/307ab153-gia-xe-exciter.png","contentUrl":"https:\/\/static.chotot.com\/storage\/chotot-kinhnghiem\/xe\/2025\/01\/307ab153-gia-xe-exciter.png","width":1280,"height":720,"caption":"gia-xe-exciter"},{"@type":"WebSite","@id":"https:\/\/xe.chotot.com\/kinh-nghiem\/#website","url":"https:\/\/xe.chotot.com\/kinh-nghiem\/","name":"Kinh Nghi\u1ec7m Xe","description":"Kinh nghi\u1ec7m h\u1eefu \u00edch cho b\u1ea1n khi mua b\u00e1n xe c\u0169 v\u00e0 m\u1edbi","publisher":{"@id":"https:\/\/xe.chotot.com\/kinh-nghiem\/#organization"},"potentialAction":[{"@type":"SearchAction","target":{"@type":"EntryPoint","urlTemplate":"https:\/\/xe.chotot.com\/kinh-nghiem\/?s={search_term_string}"},"query-input":{"@type":"PropertyValueSpecification","valueRequired":true,"valueName":"search_term_string"}}],"inLanguage":"en-US"},{"@type":"Organization","@id":"https:\/\/xe.chotot.com\/kinh-nghiem\/#organization","name":"Kinh Nghi\u1ec7m Xe","url":"https:\/\/xe.chotot.com\/kinh-nghiem\/","logo":{"@type":"ImageObject","inLanguage":"en-US","@id":"https:\/\/xe.chotot.com\/kinh-nghiem\/#\/schema\/logo\/image\/","url":"https:\/\/static.chotot.com\/storage\/chotot-kinhnghiem\/xe\/2022\/11\/d35a798b-chototxelogo.jpg","contentUrl":"https:\/\/static.chotot.com\/storage\/chotot-kinhnghiem\/xe\/2022\/11\/d35a798b-chototxelogo.jpg","width":900,"height":900,"caption":"Kinh Nghi\u1ec7m Xe"},"image":{"@id":"https:\/\/xe.chotot.com\/kinh-nghiem\/#\/schema\/logo\/image\/"}}]}},"_links":{"self":[{"href":"https:\/\/xe.chotot.com\/kinh-nghiem\/wp-json\/wp\/v2\/pages\/60893","targetHints":{"allow":["GET"]}}],"collection":[{"href":"https:\/\/xe.chotot.com\/kinh-nghiem\/wp-json\/wp\/v2\/pages"}],"about":[{"href":"https:\/\/xe.chotot.com\/kinh-nghiem\/wp-json\/wp\/v2\/types\/page"}],"author":[{"embeddable":true,"href":"https:\/\/xe.chotot.com\/kinh-nghiem\/wp-json\/wp\/v2\/users\/51"}],"replies":[{"embeddable":true,"href":"https:\/\/xe.chotot.com\/kinh-nghiem\/wp-json\/wp\/v2\/comments?post=60893"}],"version-history":[{"count":48,"href":"https:\/\/xe.chotot.com\/kinh-nghiem\/wp-json\/wp\/v2\/pages\/60893\/revisions"}],"predecessor-version":[{"id":64504,"href":"https:\/\/xe.chotot.com\/kinh-nghiem\/wp-json\/wp\/v2\/pages\/60893\/revisions\/64504"}],"wp:featuredmedia":[{"embeddable":true,"href":"https:\/\/xe.chotot.com\/kinh-nghiem\/wp-json\/wp\/v2\/media\/60894"}],"wp:attachment":[{"href":"https:\/\/xe.chotot.com\/kinh-nghiem\/wp-json\/wp\/v2\/media?parent=60893"}],"wp:term":[{"taxonomy":"category","embeddable":true,"href":"https:\/\/xe.chotot.com\/kinh-nghiem\/wp-json\/wp\/v2\/categories?post=60893"},{"taxonomy":"post_tag","embeddable":true,"href":"https:\/\/xe.chotot.com\/kinh-nghiem\/wp-json\/wp\/v2\/tags?post=60893"}],"curies":[{"name":"wp","href":"https:\/\/api.w.org\/{rel}","templated":true}]}}