{"id":59906,"date":"2025-06-02T22:02:10","date_gmt":"2025-06-02T15:02:10","guid":{"rendered":"https:\/\/xe.chotot.com\/kinh-nghiem\/?page_id=59906"},"modified":"2025-06-02T22:10:09","modified_gmt":"2025-06-02T15:10:09","slug":"bang-gia-xe-mazda-2","status":"publish","type":"page","link":"https:\/\/xe.chotot.com\/kinh-nghiem\/bang-gia-xe-mazda-2","title":{"rendered":"B\u1ea3ng gi\u00e1 xe Mazda 2 m\u1edbi nh\u1ea5t th\u00e1ng 6\/2025"},"content":{"rendered":"\t\t<div data-elementor-type=\"wp-page\" data-elementor-id=\"59906\" class=\"elementor elementor-59906\">\n\t\t\t\t\t\t<section class=\"elementor-section elementor-top-section elementor-element elementor-element-491f5220 elementor-section-boxed elementor-section-height-default elementor-section-height-default\" data-id=\"491f5220\" data-element_type=\"section\" data-e-type=\"section\">\n\t\t\t\t\t\t<div class=\"elementor-container elementor-column-gap-default\">\n\t\t\t\t\t<div class=\"elementor-column elementor-col-100 elementor-top-column elementor-element elementor-element-596e5901\" data-id=\"596e5901\" data-element_type=\"column\" data-e-type=\"column\">\n\t\t\t<div class=\"elementor-widget-wrap elementor-element-populated\">\n\t\t\t\t\t\t<div class=\"elementor-element elementor-element-5a952861 elementor-widget elementor-widget-text-editor\" data-id=\"5a952861\" data-element_type=\"widget\" data-e-type=\"widget\" data-widget_type=\"text-editor.default\">\n\t\t\t\t<div class=\"elementor-widget-container\">\n\t\t\t\t\t\t\t\t\t<h1 dir=\"ltr\" style=\"line-height: 1.38; text-align: center; margin-top: 0pt; margin-bottom: 0pt;\"><span style=\"font-size: 23pt; font-family: 'Helvetica Neue',sans-serif; color: #282828; background-color: transparent; font-weight: bold; font-style: normal; font-variant: normal; text-decoration: none; vertical-align: baseline; white-space: pre-wrap;\">B\u1ea3ng gi\u00e1 xe Mazda 2 l\u0103n b\u00e1nh v\u00e0 \u01b0u \u0111\u00e3i m\u1edbi nh\u1ea5t 6\/2025<\/span><\/h1>\t\t\t\t\t\t\t\t<\/div>\n\t\t\t\t<\/div>\n\t\t\t\t<div class=\"elementor-element elementor-element-17993aff elementor-widget elementor-widget-text-editor\" data-id=\"17993aff\" data-element_type=\"widget\" data-e-type=\"widget\" data-widget_type=\"text-editor.default\">\n\t\t\t\t<div class=\"elementor-widget-container\">\n\t\t\t\t\t\t\t\t\t<p dir=\"ltr\" style=\"line-height: 1.38; text-align: justify; margin-top: 0pt; margin-bottom: 12pt;\"><span style=\"font-size: 12pt; font-family: 'Helvetica Neue',sans-serif; color: #282828; background-color: transparent; font-weight: 400; font-style: italic; font-variant: normal; text-decoration: none; vertical-align: baseline; white-space: pre-wrap;\">Mazda 2 2024 c\u00f3 gi\u00e1 ni\u00eam y\u1ebft t\u1eeb 408 tri\u1ec7u \u0111\u1ed3ng cho phi\u00ean b\u1ea3n ti\u00eau chu\u1ea9n v\u00e0 544 tri\u1ec7u \u0111\u1ed3ng cho phi\u00ean b\u1ea3n cao c\u1ea5p nh\u1ea5t. H\u00e3y c\u1eadp nh\u1eadt b\u1ea3ng gi\u00e1 l\u0103n b\u00e1nh xe Mazda 2 v\u00e0 c\u00e1c ch\u01b0\u01a1ng tr\u00ecnh \u01b0u \u0111\u00e3i m\u1edbi nh\u1ea5t th\u00e1ng 6\/2025 c\u1ee7a m\u1eabu xe \u0111\u00f4 th\u1ecb nh\u1ecf g\u1ecdn v\u00e0 hi\u1ec7n \u0111\u1ea1i n\u00e0y!<\/span><\/p>\t\t\t\t\t\t\t\t<\/div>\n\t\t\t\t<\/div>\n\t\t\t\t\t<\/div>\n\t\t<\/div>\n\t\t\t\t\t<\/div>\n\t\t<\/section>\n\t\t\t\t<section class=\"elementor-section elementor-top-section elementor-element elementor-element-3d3af189 elementor-section-boxed elementor-section-height-default elementor-section-height-default\" data-id=\"3d3af189\" data-element_type=\"section\" data-e-type=\"section\">\n\t\t\t\t\t\t<div class=\"elementor-container elementor-column-gap-default\">\n\t\t\t\t\t<div class=\"elementor-column elementor-col-50 elementor-top-column elementor-element elementor-element-4b391961\" data-id=\"4b391961\" data-element_type=\"column\" data-e-type=\"column\">\n\t\t\t<div class=\"elementor-widget-wrap elementor-element-populated\">\n\t\t\t\t\t\t<div class=\"elementor-element elementor-element-539f6a07 elementor-widget__width-initial elementor-widget elementor-widget-text-editor\" data-id=\"539f6a07\" data-element_type=\"widget\" data-e-type=\"widget\" data-widget_type=\"text-editor.default\">\n\t\t\t\t<div class=\"elementor-widget-container\">\n\t\t\t\t\t\t\t\t\t<h2 dir=\"ltr\" style=\"line-height: 1.9871999999999999; text-align: justify; background-color: #ffffff; margin-top: 10pt; margin-bottom: 10pt;\"><span style=\"font-size: 18pt; font-family: 'Helvetica Neue',sans-serif; color: #282828; background-color: transparent; font-weight: bold; font-style: normal; font-variant: normal; text-decoration: none; vertical-align: baseline; white-space: pre-wrap;\">Gi\u00e1 xe Mazda 2 v\u00e0 \u01b0u \u0111\u00e3i t\u1ea1i Ch\u1ee3 T\u1ed1t Xe th\u00e1ng 06\/2025<\/span><\/h2><p dir=\"ltr\" style=\"line-height: 1.9871999999999999; text-align: justify; background-color: #ffffff; margin-top: 0pt; margin-bottom: 12pt; padding: 2pt 0pt 0pt 0pt;\"><span style=\"font-size: 12pt; font-family: 'Helvetica Neue',sans-serif; color: #000000; background-color: transparent; font-weight: 400; font-style: normal; font-variant: normal; text-decoration: none; vertical-align: baseline; white-space: pre-wrap;\">Gi\u00e1 Mazda 2 \u0111\u00e3 qua s\u1eed d\u1ee5ng s\u1ebd ph\u1ee5 thu\u1ed9c v\u00e0o c\u00e1c y\u1ebfu t\u1ed1 sau:<\/span><\/p><ul style=\"margin-top: 0; margin-bottom: 0; padding-inline-start: 48px;\"><li dir=\"ltr\" style=\"list-style-type: disc; font-size: 12pt; font-family: 'Helvetica Neue',sans-serif; color: #000000; background-color: transparent; font-weight: bold; font-style: normal; font-variant: normal; text-decoration: none; vertical-align: baseline; white-space: pre;\" aria-level=\"1\"><p dir=\"ltr\" style=\"line-height: 1.656; background-color: #ffffff; margin-top: 0pt; margin-bottom: 0pt;\" role=\"presentation\"><span style=\"font-size: 12pt; font-family: 'Helvetica Neue',sans-serif; color: #000000; background-color: transparent; font-weight: bold; font-style: normal; font-variant: normal; text-decoration: none; vertical-align: baseline; white-space: pre-wrap;\">N\u0103m s\u1ea3n xu\u1ea5t: <\/span><span style=\"font-size: 12pt; font-family: 'Helvetica Neue',sans-serif; color: #000000; background-color: transparent; font-weight: 400; font-style: normal; font-variant: normal; text-decoration: none; vertical-align: baseline; white-space: pre-wrap;\">Xe Mazda 2 s\u1ea3n xu\u1ea5t t\u1eeb n\u0103m 2020 tr\u1edf \u0111i gi\u1eef gi\u00e1 t\u1ed1t nh\u1edd thi\u1ebft k\u1ebf Kodo m\u1edbi, \u0111\u1ed9ng c\u01a1 SkyActiv c\u1ea3i ti\u1ebfn, v\u00e0 c\u00e1c t\u00ednh n\u0103ng an to\u00e0n ti\u00ean ti\u1ebfn nh\u01b0 g\u00f3i i-Activsense (tr\u00ean b\u1ea3n Premium).<\/span><\/p><\/li><li dir=\"ltr\" style=\"list-style-type: disc; font-size: 12pt; font-family: 'Helvetica Neue',sans-serif; color: #000000; background-color: transparent; font-weight: bold; font-style: normal; font-variant: normal; text-decoration: none; vertical-align: baseline; white-space: pre;\" aria-level=\"1\"><p dir=\"ltr\" style=\"line-height: 1.656; background-color: #ffffff; margin-top: 0pt; margin-bottom: 0pt;\" role=\"presentation\"><span style=\"font-size: 12pt; font-family: 'Helvetica Neue',sans-serif; color: #000000; background-color: transparent; font-weight: bold; font-style: normal; font-variant: normal; text-decoration: none; vertical-align: baseline; white-space: pre-wrap;\">Qu\u00e3ng \u0111\u01b0\u1eddng s\u1eed d\u1ee5ng: <\/span><span style=\"font-size: 12pt; font-family: 'Helvetica Neue',sans-serif; color: #000000; background-color: transparent; font-weight: 400; font-style: normal; font-variant: normal; text-decoration: none; vertical-align: baseline; white-space: pre-wrap;\">Xe \u0111i d\u01b0\u1edbi 50.000 km th\u01b0\u1eddng gi\u1eef gi\u00e1 cao h\u01a1n v\u00ec \u0111\u1ed9ng c\u01a1, h\u1ec7 th\u1ed1ng treo v\u00e0 phanh c\u00f2n b\u1ec1n.\u00a0<\/span><\/p><\/li><li dir=\"ltr\" style=\"list-style-type: disc; font-size: 12pt; font-family: 'Helvetica Neue',sans-serif; color: #000000; background-color: transparent; font-weight: bold; font-style: normal; font-variant: normal; text-decoration: none; vertical-align: baseline; white-space: pre;\" aria-level=\"1\"><p dir=\"ltr\" style=\"line-height: 1.656; background-color: #ffffff; margin-top: 0pt; margin-bottom: 0pt;\" role=\"presentation\"><span style=\"font-size: 12pt; font-family: 'Helvetica Neue',sans-serif; color: #000000; background-color: transparent; font-weight: bold; font-style: normal; font-variant: normal; text-decoration: none; vertical-align: baseline; white-space: pre-wrap;\">Phi\u00ean b\u1ea3n v\u00e0 trang b\u1ecb: <\/span><span style=\"font-size: 12pt; font-family: 'Helvetica Neue',sans-serif; color: #000000; background-color: transparent; font-weight: 400; font-style: normal; font-variant: normal; text-decoration: none; vertical-align: baseline; white-space: pre-wrap;\">Phi\u00ean b\u1ea3n cao c\u1ea5p nh\u01b0 Mazda 2 Premium ho\u1eb7c Sport Premium c\u00f3 gi\u00e1 tr\u1ecb b\u00e1n l\u1ea1i cao nh\u1edd trang b\u1ecb nh\u01b0 m\u00e0n h\u00ecnh HUD, gh\u1ebf da cao c\u1ea5p, \u0111\u00e8n LED projector, v\u00e0 h\u1ec7 th\u1ed1ng c\u1ea3nh b\u00e1o \u0111i\u1ec3m m\u00f9.<\/span><\/p><\/li><li dir=\"ltr\" style=\"list-style-type: disc; font-size: 12pt; font-family: 'Helvetica Neue',sans-serif; color: #000000; background-color: transparent; font-weight: bold; font-style: normal; font-variant: normal; text-decoration: none; vertical-align: baseline; white-space: pre;\" aria-level=\"1\"><p dir=\"ltr\" style=\"line-height: 1.656; background-color: #ffffff; margin-top: 0pt; margin-bottom: 0pt;\" role=\"presentation\"><span style=\"font-size: 12pt; font-family: 'Helvetica Neue',sans-serif; color: #000000; background-color: transparent; font-weight: bold; font-style: normal; font-variant: normal; text-decoration: none; vertical-align: baseline; white-space: pre-wrap;\">T\u00ecnh tr\u1ea1ng xe: <\/span><span style=\"font-size: 12pt; font-family: 'Helvetica Neue',sans-serif; color: #000000; background-color: transparent; font-weight: 400; font-style: normal; font-variant: normal; text-decoration: none; vertical-align: baseline; white-space: pre-wrap;\">Xe b\u1ea3o d\u01b0\u1ee1ng \u0111\u1ecbnh k\u1ef3 t\u1ea1i h\u00e3ng, kh\u00f4ng tai n\u1ea1n, kh\u00f4ng s\u1eeda ch\u1eefa l\u1edbn, v\u00e0 n\u1ed9i th\u1ea5t s\u1ea1ch s\u1ebd, nguy\u00ean b\u1ea3n lu\u00f4n \u0111\u01b0\u1ee3c \u01b0u ti\u00ean tr\u00ean th\u1ecb tr\u01b0\u1eddng.<\/span><\/p><\/li><li dir=\"ltr\" style=\"list-style-type: disc; font-size: 12pt; font-family: 'Helvetica Neue',sans-serif; color: #000000; background-color: transparent; font-weight: 400; font-style: normal; font-variant: normal; text-decoration: none; vertical-align: baseline; white-space: pre;\" aria-level=\"1\"><p dir=\"ltr\" style=\"line-height: 1.656; background-color: #ffffff; margin-top: 0pt; margin-bottom: 0pt;\" role=\"presentation\"><span style=\"font-size: 12pt; font-family: 'Helvetica Neue',sans-serif; color: #000000; background-color: transparent; font-weight: bold; font-style: normal; font-variant: normal; text-decoration: none; vertical-align: baseline; white-space: pre-wrap;\">Th\u1eddi \u0111i\u1ec3m v\u00e0 th\u1ecb tr\u01b0\u1eddng:<\/span><span style=\"font-size: 12pt; font-family: 'Helvetica Neue',sans-serif; color: #000000; background-color: transparent; font-weight: 400; font-style: normal; font-variant: normal; text-decoration: none; vertical-align: baseline; white-space: pre-wrap;\"> Th\u1eddi \u0111i\u1ec3m b\u00e1n ho\u1eb7c mua (nh\u01b0 tr\u01b0\u1edbc ho\u1eb7c sau c\u00e1c \u0111\u1ee3t ra m\u1eaft xe m\u1edbi) \u1ea3nh h\u01b0\u1edfng l\u1edbn \u0111\u1ebfn gi\u00e1 tr\u1ecb. Xe Mazda 2 lu\u00f4n c\u00f3 nhu c\u1ea7u cao \u1edf th\u1ecb tr\u01b0\u1eddng xe c\u0169, \u0111\u1eb7c bi\u1ec7t t\u1ea1i \u0111\u00f4 th\u1ecb.<\/span><\/p><\/li><\/ul><p dir=\"ltr\" style=\"line-height: 1.9871999999999999; text-align: justify; background-color: #ffffff; margin-top: 12pt; margin-bottom: 12pt;\"><span style=\"font-size: 12pt; font-family: 'Helvetica Neue',sans-serif; color: #000000; background-color: transparent; font-weight: 400; font-style: normal; font-variant: normal; text-decoration: none; vertical-align: baseline; white-space: pre-wrap;\">H\u00e3y kh\u00e1m ph\u00e1 th\u00eam c\u00e1c th\u1ed1ng k\u00ea chi ti\u1ebft v\u1ec1 gi\u00e1 xe c\u0169 t\u1ea1i trang mua b\u00e1n c\u1ee7a Ch\u1ee3 T\u1ed1t Xe!<\/span><\/p>\t\t\t\t\t\t\t\t<\/div>\n\t\t\t\t<\/div>\n\t\t\t\t<div class=\"elementor-element elementor-element-733338f1 elementor-align-center elementor-widget elementor-widget-button\" data-id=\"733338f1\" data-element_type=\"widget\" data-e-type=\"widget\" data-widget_type=\"button.default\">\n\t\t\t\t<div class=\"elementor-widget-container\">\n\t\t\t\t\t\t\t\t\t<div class=\"elementor-button-wrapper\">\n\t\t\t\t\t<a class=\"elementor-button elementor-button-link elementor-size-sm\" href=\"https:\/\/xe.chotot.com\/mua-ban-oto-mazda-2-sdcb7cm267\">\n\t\t\t\t\t\t<span class=\"elementor-button-content-wrapper\">\n\t\t\t\t\t\t\t\t\t<span class=\"elementor-button-text\">Gi\u00e1 xe Mazda 2 c\u0169<\/span>\n\t\t\t\t\t<\/span>\n\t\t\t\t\t<\/a>\n\t\t\t\t<\/div>\n\t\t\t\t\t\t\t\t<\/div>\n\t\t\t\t<\/div>\n\t\t\t\t\t<\/div>\n\t\t<\/div>\n\t\t\t\t<div class=\"elementor-column elementor-col-50 elementor-top-column elementor-element elementor-element-67394e51\" data-id=\"67394e51\" data-element_type=\"column\" data-e-type=\"column\">\n\t\t\t<div class=\"elementor-widget-wrap elementor-element-populated\">\n\t\t\t\t\t\t<div class=\"elementor-element elementor-element-c69de69 elementor-widget elementor-widget-html\" data-id=\"c69de69\" data-element_type=\"widget\" data-e-type=\"widget\" data-widget_type=\"html.default\">\n\t\t\t\t<div class=\"elementor-widget-container\">\n\t\t\t\t\t<iframe width=\"419\" height=\"745\" src=\"https:\/\/www.youtube.com\/embed\/s6PQaUulKdM\" title=\"Gia\u0301 Xe Mazda 2 Ca\u0323\u0302p Nha\u0323\u0302t 12\/2024 #gi\u00e1xe\u00f4t\u00f4 #mazda2 #capnhat #shorts\" frameborder=\"0\" allow=\"accelerometer; autoplay; clipboard-write; encrypted-media; gyroscope; picture-in-picture; web-share\" referrerpolicy=\"strict-origin-when-cross-origin\" allowfullscreen><\/iframe>\t\t\t\t<\/div>\n\t\t\t\t<\/div>\n\t\t\t\t\t<\/div>\n\t\t<\/div>\n\t\t\t\t\t<\/div>\n\t\t<\/section>\n\t\t\t\t<section class=\"elementor-section elementor-top-section elementor-element elementor-element-1f926260 elementor-section-boxed elementor-section-height-default elementor-section-height-default\" data-id=\"1f926260\" data-element_type=\"section\" data-e-type=\"section\">\n\t\t\t\t\t\t<div class=\"elementor-container elementor-column-gap-default\">\n\t\t\t\t\t<div class=\"elementor-column elementor-col-100 elementor-top-column elementor-element elementor-element-6317aeb9\" data-id=\"6317aeb9\" data-element_type=\"column\" data-e-type=\"column\">\n\t\t\t<div class=\"elementor-widget-wrap elementor-element-populated\">\n\t\t\t\t\t\t<div class=\"elementor-element elementor-element-6764d004 elementor-widget__width-initial elementor-widget elementor-widget-text-editor\" data-id=\"6764d004\" data-element_type=\"widget\" data-e-type=\"widget\" data-widget_type=\"text-editor.default\">\n\t\t\t\t<div class=\"elementor-widget-container\">\n\t\t\t\t\t\t\t\t\t<p dir=\"ltr\" style=\"line-height: 1.38; text-align: justify; background-color: #ffffff; margin-top: 12pt; margin-bottom: 0pt; padding: 0pt 0pt 12pt 0pt;\"><span style=\"font-size: 12pt; font-family: 'Helvetica Neue',sans-serif; color: #282828; background-color: transparent; font-weight: 400; font-style: normal; font-variant: normal; text-decoration: none; vertical-align: baseline; white-space: pre-wrap;\">Mazda 2 l\u00e0 m\u1ed9t m\u1eabu sedan h\u1ea1ng B n\u1ed5i b\u1eadt, kh\u00f4ng ch\u1ec9 v\u00ec m\u1ee9c gi\u00e1 h\u1ee3p l\u00fd m\u00e0 c\u00f2n nh\u1edd v\u00e0o s\u1ef1 k\u1ebft h\u1ee3p h\u00e0i h\u00f2a gi\u1eefa thi\u1ebft k\u1ebf hi\u1ec7n \u0111\u1ea1i, c\u00f4ng ngh\u1ec7 ti\u00ean ti\u1ebfn v\u00e0 kh\u1ea3 n\u0103ng v\u1eadn h\u00e0nh linh ho\u1ea1t. D\u00f9 b\u1ea1n y\u00eau th\u00edch s\u1ef1 nh\u1ecf g\u1ecdn ti\u1ec7n d\u1ee5ng hay c\u1ea7n c\u00e1c t\u00ednh n\u0103ng cao c\u1ea5p, Mazda 2 \u0111\u1ec1u c\u00f3 c\u00e1c phi\u00ean b\u1ea3n t\u1eeb ti\u00eau chu\u1ea9n \u0111\u1ebfn Premium, \u0111\u00e1p \u1ee9ng \u0111a d\u1ea1ng nhu c\u1ea7u ng\u01b0\u1eddi d\u00f9ng.<\/span><\/p><p dir=\"ltr\" style=\"line-height: 1.38; text-align: justify; background-color: #ffffff; margin-top: 0pt; margin-bottom: 0pt; padding: 0pt 0pt 12pt 0pt;\"><span style=\"font-size: 12pt; font-family: 'Helvetica Neue',sans-serif; color: #282828; background-color: transparent; font-weight: 400; font-style: normal; font-variant: normal; text-decoration: none; vertical-align: baseline; white-space: pre-wrap;\">Mazda 2 c\u0169ng \u0111\u01b0\u1ee3c \u0111\u00e1nh gi\u00e1 cao v\u1ec1 gi\u00e1 tr\u1ecb l\u00e2u d\u00e0i, nh\u1edd v\u00e0o ch\u1ea5t l\u01b0\u1ee3ng l\u1eafp r\u00e1p b\u1ec1n b\u1ec9, m\u1ee9c ti\u00eau th\u1ee5 nhi\u00ean li\u1ec7u ti\u1ebft ki\u1ec7m v\u00e0 kh\u1ea3 n\u0103ng gi\u1eef gi\u00e1 t\u1ed1t tr\u00ean th\u1ecb tr\u01b0\u1eddng xe c\u0169. \u0110\u00e2y l\u00e0 m\u1eabu xe l\u00fd t\u01b0\u1edfng cho c\u1ea3 ng\u01b0\u1eddi mua xe l\u1ea7n \u0111\u1ea7u l\u1eabn nh\u1eefng ai mu\u1ed1n s\u1edf h\u1eefu m\u1ed9t chi\u1ebfc xe \u0111\u00f4 th\u1ecb kinh t\u1ebf nh\u01b0ng \u0111\u1ea7y phong c\u00e1ch.<\/span><\/p><p dir=\"ltr\" style=\"line-height: 1.38; text-align: justify; background-color: #ffffff; margin-top: 0pt; margin-bottom: 12pt;\"><span style=\"font-size: 12pt; font-family: 'Helvetica Neue',sans-serif; color: #282828; background-color: transparent; font-weight: 400; font-style: normal; font-variant: normal; text-decoration: none; vertical-align: baseline; white-space: pre-wrap;\">N\u1ebfu b\u1ea1n \u0111ang t\u00ecm ki\u1ebfm m\u1ed9t chi\u1ebfc xe nh\u1ecf g\u1ecdn, an to\u00e0n v\u00e0 hi\u1ec7n \u0111\u1ea1i, Mazda 2 ch\u1eafc ch\u1eafn l\u00e0 l\u1ef1a ch\u1ecdn \u0111\u00e1ng c\u00e2n nh\u1eafc. \u0110\u1ec3 mua ho\u1eb7c b\u00e1n Mazda 2 v\u1edbi m\u1ee9c gi\u00e1 h\u1ea5p d\u1eabn nh\u1ea5t, h\u00e3y truy c\u1eadp Ch\u1ee3 T\u1ed1t Xe v\u00e0 kh\u00e1m ph\u00e1 c\u00e1c \u01b0u \u0111\u00e3i t\u1ed1t nh\u1ea5t, ph\u00f9 h\u1ee3p v\u1edbi nhu c\u1ea7u c\u1ee7a b\u1ea1n!<\/span><\/p>\t\t\t\t\t\t\t\t<\/div>\n\t\t\t\t<\/div>\n\t\t\t\t\t<\/div>\n\t\t<\/div>\n\t\t\t\t\t<\/div>\n\t\t<\/section>\n\t\t\t\t<\/div>\n\t\t","protected":false},"excerpt":{"rendered":"<p>B\u1ea3ng gi\u00e1 xe Mazda 2 l\u0103n b\u00e1nh v\u00e0 \u01b0u \u0111\u00e3i m\u1edbi nh\u1ea5t 6\/2025 Mazda 2 2024 c\u00f3 gi\u00e1 ni\u00eam y\u1ebft t\u1eeb 408 tri\u1ec7u \u0111\u1ed3ng cho phi\u00ean b\u1ea3n ti\u00eau chu\u1ea9n v\u00e0 544 tri\u1ec7u \u0111\u1ed3ng cho phi\u00ean b\u1ea3n cao c\u1ea5p nh\u1ea5t. H\u00e3y c\u1eadp nh\u1eadt b\u1ea3ng gi\u00e1 l\u0103n b\u00e1nh xe Mazda 2 v\u00e0 c\u00e1c ch\u01b0\u01a1ng tr\u00ecnh \u01b0u \u0111\u00e3i<\/p>\n","protected":false},"author":51,"featured_media":59908,"parent":0,"menu_order":0,"comment_status":"closed","ping_status":"closed","template":"","meta":{"_editorskit_title_hidden":false,"_editorskit_reading_time":0,"_editorskit_is_block_options_detached":false,"_editorskit_block_options_position":"{}","footnotes":""},"categories":[1253,1256],"tags":[],"class_list":{"0":"post-59906","1":"page","2":"type-page","3":"status-publish","4":"has-post-thumbnail","6":"category-tim-hieu-oto","7":"category-hieu-ve-xe"},"acf":[],"yoast_head":"<!-- This site is optimized with the Yoast SEO plugin v25.6 - https:\/\/yoast.com\/wordpress\/plugins\/seo\/ -->\n<title>B\u1ea3ng gi\u00e1 xe Mazda 2 v\u00e0 \u01b0u \u0111\u00e3i m\u1edbi nh\u1ea5t th\u00e1ng 6\/2025<\/title>\n<meta name=\"description\" content=\"B\u1ea3ng gi\u00e1 xe Mazda 2 th\u00e1ng 6\/2025 m\u1edbi nh\u1ea5t tr\u00ean Ch\u1ee3 T\u1ed1t Xe. C\u1eadp nh\u1eadt, so s\u00e1nh gi\u00e1 xe Mazda 2 l\u0103n b\u00e1nh k\u00e8m \u01b0u \u0111\u00e3i h\u1ea5p d\u1eabn.\" \/>\n<meta name=\"robots\" content=\"index, follow, max-snippet:-1, max-image-preview:large, max-video-preview:-1\" \/>\n<link rel=\"canonical\" href=\"https:\/\/xe.chotot.com\/bang-gia-xe-mazda-2\" \/>\n<meta property=\"og:locale\" content=\"en_US\" \/>\n<meta property=\"og:type\" content=\"article\" \/>\n<meta property=\"og:title\" content=\"B\u1ea3ng gi\u00e1 xe Mazda 2 v\u00e0 \u01b0u \u0111\u00e3i m\u1edbi nh\u1ea5t th\u00e1ng 6\/2025\" \/>\n<meta property=\"og:description\" content=\"B\u1ea3ng gi\u00e1 xe Mazda 2 th\u00e1ng 6\/2025 m\u1edbi nh\u1ea5t tr\u00ean Ch\u1ee3 T\u1ed1t Xe. C\u1eadp nh\u1eadt, so s\u00e1nh gi\u00e1 xe Mazda 2 l\u0103n b\u00e1nh k\u00e8m \u01b0u \u0111\u00e3i h\u1ea5p d\u1eabn.\" \/>\n<meta property=\"og:url\" content=\"https:\/\/xe.chotot.com\/bang-gia-xe-mazda-2\" \/>\n<meta property=\"og:site_name\" content=\"Kinh Nghi\u1ec7m Xe\" \/>\n<meta property=\"article:modified_time\" content=\"2025-06-02T15:10:09+00:00\" \/>\n<meta property=\"og:image\" content=\"https:\/\/static.chotot.com\/storage\/chotot-kinhnghiem\/xe\/2024\/12\/5eb5fea7-gia-xe-mazda-2.jpg\" \/>\n\t<meta property=\"og:image:width\" content=\"1280\" \/>\n\t<meta property=\"og:image:height\" content=\"720\" \/>\n\t<meta property=\"og:image:type\" content=\"image\/jpeg\" \/>\n<meta name=\"twitter:card\" content=\"summary_large_image\" \/>\n<meta name=\"twitter:label1\" content=\"Est. reading time\" \/>\n\t<meta name=\"twitter:data1\" content=\"13 minutes\" \/>\n<!-- \/ Yoast SEO plugin. -->","yoast_head_json":{"title":"B\u1ea3ng gi\u00e1 xe Mazda 2 v\u00e0 \u01b0u \u0111\u00e3i m\u1edbi nh\u1ea5t th\u00e1ng 6\/2025","description":"B\u1ea3ng gi\u00e1 xe Mazda 2 th\u00e1ng 6\/2025 m\u1edbi nh\u1ea5t tr\u00ean Ch\u1ee3 T\u1ed1t Xe. C\u1eadp nh\u1eadt, so s\u00e1nh gi\u00e1 xe Mazda 2 l\u0103n b\u00e1nh k\u00e8m \u01b0u \u0111\u00e3i h\u1ea5p d\u1eabn.","robots":{"index":"index","follow":"follow","max-snippet":"max-snippet:-1","max-image-preview":"max-image-preview:large","max-video-preview":"max-video-preview:-1"},"canonical":"https:\/\/xe.chotot.com\/bang-gia-xe-mazda-2","og_locale":"en_US","og_type":"article","og_title":"B\u1ea3ng gi\u00e1 xe Mazda 2 v\u00e0 \u01b0u \u0111\u00e3i m\u1edbi nh\u1ea5t th\u00e1ng 6\/2025","og_description":"B\u1ea3ng gi\u00e1 xe Mazda 2 th\u00e1ng 6\/2025 m\u1edbi nh\u1ea5t tr\u00ean Ch\u1ee3 T\u1ed1t Xe. C\u1eadp nh\u1eadt, so s\u00e1nh gi\u00e1 xe Mazda 2 l\u0103n b\u00e1nh k\u00e8m \u01b0u \u0111\u00e3i h\u1ea5p d\u1eabn.","og_url":"https:\/\/xe.chotot.com\/bang-gia-xe-mazda-2","og_site_name":"Kinh Nghi\u1ec7m Xe","article_modified_time":"2025-06-02T15:10:09+00:00","og_image":[{"width":1280,"height":720,"url":"https:\/\/static.chotot.com\/storage\/chotot-kinhnghiem\/xe\/2024\/12\/5eb5fea7-gia-xe-mazda-2.jpg","type":"image\/jpeg"}],"twitter_card":"summary_large_image","twitter_misc":{"Est. reading time":"13 minutes"},"schema":{"@context":"https:\/\/schema.org","@graph":[{"@type":"WebPage","@id":"https:\/\/xe.chotot.com\/kinh-nghiem\/bang-gia-xe-mazda-2","url":"https:\/\/xe.chotot.com\/bang-gia-xe-mazda-2","name":"B\u1ea3ng gi\u00e1 xe Mazda 2 v\u00e0 \u01b0u \u0111\u00e3i m\u1edbi nh\u1ea5t th\u00e1ng 6\/2025","isPartOf":{"@id":"https:\/\/xe.chotot.com\/kinh-nghiem\/#website"},"primaryImageOfPage":{"@id":"https:\/\/xe.chotot.com\/bang-gia-xe-mazda-2#primaryimage"},"image":{"@id":"https:\/\/xe.chotot.com\/bang-gia-xe-mazda-2#primaryimage"},"thumbnailUrl":"https:\/\/static.chotot.com\/storage\/chotot-kinhnghiem\/xe\/2024\/12\/5eb5fea7-gia-xe-mazda-2.jpg","datePublished":"2025-06-02T15:02:10+00:00","dateModified":"2025-06-02T15:10:09+00:00","description":"B\u1ea3ng gi\u00e1 xe Mazda 2 th\u00e1ng 6\/2025 m\u1edbi nh\u1ea5t tr\u00ean Ch\u1ee3 T\u1ed1t Xe. C\u1eadp nh\u1eadt, so s\u00e1nh gi\u00e1 xe Mazda 2 l\u0103n b\u00e1nh k\u00e8m \u01b0u \u0111\u00e3i h\u1ea5p d\u1eabn.","inLanguage":"en-US","potentialAction":[{"@type":"ReadAction","target":["https:\/\/xe.chotot.com\/bang-gia-xe-mazda-2"]}]},{"@type":"ImageObject","inLanguage":"en-US","@id":"https:\/\/xe.chotot.com\/bang-gia-xe-mazda-2#primaryimage","url":"https:\/\/static.chotot.com\/storage\/chotot-kinhnghiem\/xe\/2024\/12\/5eb5fea7-gia-xe-mazda-2.jpg","contentUrl":"https:\/\/static.chotot.com\/storage\/chotot-kinhnghiem\/xe\/2024\/12\/5eb5fea7-gia-xe-mazda-2.jpg","width":1280,"height":720},{"@type":"WebSite","@id":"https:\/\/xe.chotot.com\/kinh-nghiem\/#website","url":"https:\/\/xe.chotot.com\/kinh-nghiem\/","name":"Kinh Nghi\u1ec7m Xe","description":"Kinh nghi\u1ec7m h\u1eefu \u00edch cho b\u1ea1n khi mua b\u00e1n xe c\u0169 v\u00e0 m\u1edbi","publisher":{"@id":"https:\/\/xe.chotot.com\/kinh-nghiem\/#organization"},"potentialAction":[{"@type":"SearchAction","target":{"@type":"EntryPoint","urlTemplate":"https:\/\/xe.chotot.com\/kinh-nghiem\/?s={search_term_string}"},"query-input":{"@type":"PropertyValueSpecification","valueRequired":true,"valueName":"search_term_string"}}],"inLanguage":"en-US"},{"@type":"Organization","@id":"https:\/\/xe.chotot.com\/kinh-nghiem\/#organization","name":"Kinh Nghi\u1ec7m Xe","url":"https:\/\/xe.chotot.com\/kinh-nghiem\/","logo":{"@type":"ImageObject","inLanguage":"en-US","@id":"https:\/\/xe.chotot.com\/kinh-nghiem\/#\/schema\/logo\/image\/","url":"https:\/\/static.chotot.com\/storage\/chotot-kinhnghiem\/xe\/2022\/11\/d35a798b-chototxelogo.jpg","contentUrl":"https:\/\/static.chotot.com\/storage\/chotot-kinhnghiem\/xe\/2022\/11\/d35a798b-chototxelogo.jpg","width":900,"height":900,"caption":"Kinh Nghi\u1ec7m Xe"},"image":{"@id":"https:\/\/xe.chotot.com\/kinh-nghiem\/#\/schema\/logo\/image\/"}}]}},"_links":{"self":[{"href":"https:\/\/xe.chotot.com\/kinh-nghiem\/wp-json\/wp\/v2\/pages\/59906","targetHints":{"allow":["GET"]}}],"collection":[{"href":"https:\/\/xe.chotot.com\/kinh-nghiem\/wp-json\/wp\/v2\/pages"}],"about":[{"href":"https:\/\/xe.chotot.com\/kinh-nghiem\/wp-json\/wp\/v2\/types\/page"}],"author":[{"embeddable":true,"href":"https:\/\/xe.chotot.com\/kinh-nghiem\/wp-json\/wp\/v2\/users\/51"}],"replies":[{"embeddable":true,"href":"https:\/\/xe.chotot.com\/kinh-nghiem\/wp-json\/wp\/v2\/comments?post=59906"}],"version-history":[{"count":50,"href":"https:\/\/xe.chotot.com\/kinh-nghiem\/wp-json\/wp\/v2\/pages\/59906\/revisions"}],"predecessor-version":[{"id":64806,"href":"https:\/\/xe.chotot.com\/kinh-nghiem\/wp-json\/wp\/v2\/pages\/59906\/revisions\/64806"}],"wp:featuredmedia":[{"embeddable":true,"href":"https:\/\/xe.chotot.com\/kinh-nghiem\/wp-json\/wp\/v2\/media\/59908"}],"wp:attachment":[{"href":"https:\/\/xe.chotot.com\/kinh-nghiem\/wp-json\/wp\/v2\/media?parent=59906"}],"wp:term":[{"taxonomy":"category","embeddable":true,"href":"https:\/\/xe.chotot.com\/kinh-nghiem\/wp-json\/wp\/v2\/categories?post=59906"},{"taxonomy":"post_tag","embeddable":true,"href":"https:\/\/xe.chotot.com\/kinh-nghiem\/wp-json\/wp\/v2\/tags?post=59906"}],"curies":[{"name":"wp","href":"https:\/\/api.w.org\/{rel}","templated":true}]}}